4*m + i = 7*m. What are the prime factors of m?
2
Suppose -5*o - 8 + 3 = 0. Let y(a) = -7*a + 2. Let n be y(o). What are the prime factors of 2/(-3) - (-78)/n?
2
Let q = 851 + -243. List the prime factors of q.
2, 19
Let p(i) be the second derivative of 7*i**4/12 - i**3/6 + 3*i**2 - i. List the prime factors of p(4).
2, 3, 19
Let a = -4 - -5. Let x(v) = 38*v**3 + v - 1. List the prime factors of x(a).
2, 19
What are the prime factors of (-693060)/(-276) - 6/69?
3, 31
Suppose 2*p = 6 + 28. Suppose 5*x - p = 3*x - 3*z, -2*z - 58 = -3*x. Suppose 92 + x = 4*c. What are the prime factors of c?
3
What are the prime factors of ((-56)/16 + 3)/(3/(-13758))?
2293
Let x(v) be the first derivative of v**5/60 + 7*v**4/24 - v**3/3 + 5. Let u(a) be the third derivative of x(a). List the prime factors of u(8).
23
Suppose 24*t - 2377 = 19775. What are the prime factors of t?
13, 71
Let a = -24 + 18. What are the prime factors of 2 - a/(-2) - -10?
3
What are the prime factors of (-263688)/(-136) + 16/136?
7, 277
Let l(t) = -6*t**3 - 11*t**2 - 11*t + 4. Let i(f) = 3*f**3 + 6*f**2 + 6*f - 2. Let x(k) = 11*i(k) + 6*l(k). Let u = 25 - 27. What are the prime factors of x(u)?
2, 13
Let y(j) = 136 + 57*j**3 - j**2 - j - 134 - j. List the prime factors of y(1).
2, 7
Let s(r) = -3 - 4*r**2 - 2*r**2 + 4*r**2 + 5*r**3 + 4*r**2 - 2*r. Let z be s(-2). Let n = 46 + z. List the prime factors of n.
3, 5
Let f(q) = q**3 + 21*q**2 + 20*q + 3. Let k be f(-20). Let v = 80 + -39. What are the prime factors of v*(-2 + 6 - k)?
41
What are the prime factors of 11380/21 - -2 - 34/(-357)?
2, 17
Suppose c = 4*g - 181, -5*c - 203 = -3*g - 46. Suppose -3*h - 3*d = -43 + 7, 3*d = 5*h - g. Suppose 6*n + h - 52 = 0. What are the prime factors of n?
7
Suppose 107*a = 121*a - 10584. What are the prime factors of a?
2, 3, 7
Let f = -2048 - -2929. What are the prime factors of f?
881
List the prime factors of (14/(-11 - -4))/((-2)/927).
3, 103
Let m(c) be the second derivative of -3*c**2 + 0 + 1/12*c**4 + 1/2*c**3 - 5*c. List the prime factors of m(4).
2, 11
What are the prime factors of (-4101)/(-4) + (-130)/104?
2
Let n(c) = -53*c + 59. What are the prime factors of n(-9)?
2, 67
Let q = -22 - -16. What are the prime factors of ((-3162)/(-8))/3 + q/8?
131
Let m(z) = -45*z - 87. List the prime factors of m(-8).
3, 7, 13
Let w be (7/(-21))/((-3)/(-54)). Let a(h) = -7*h + 1. What are the prime factors of a(w)?
43
Let c be ((-8)/16)/((-1)/68). Let i = -17 + c. What are the prime factors of i?
17
Let i = 39 - 39. Suppose -2*h + 5*h - 5*l - 84 = 0, i = -3*l + 9. What are the prime factors of h?
3, 11
Let p(r) = 4*r + 3. Let z(n) = -2*n - 16. Let a be z(-14). Suppose -2*s = 3*c - 5, -4*s - 5*c + c + a = 0. List the prime factors of p(s).
19
Let d(u) = 148*u**2 - 2*u - 2. Let j be d(-1). Let h = 20 + j. List the prime factors of h.
2, 3, 7
Suppose 0*m + 2 = 3*m + 4*h, 2*m - 7 = 3*h. Suppose 0 = -a - m*a + 33. Suppose 0 = -r - 4*t + a, -4*r + 0*t = 4*t - 80. What are the prime factors of r?
23
Let v be (3 - -1) + 0/3. Suppose -j - 5*w = -23, 5*j + v*w + 20 = 6*w. Let t = j + 15. What are the prime factors of t?
13
Suppose 3*h + 5250 = 13*h. List the prime factors of h.
3, 5, 7
Let y(o) = 2*o - 12. Let t be y(-6). Let c be (-28)/(1 + 0/(-2)). List the prime factors of t/(-7)*c/(-8).
2, 3
Let w(y) = 14*y**3 + 14*y - 28. What are the prime factors of w(3)?
2, 7
Suppose -4*u + 3596 = 7*c - 3*c, -893 = -u + 2*c. List the prime factors of u.
3, 13, 23
Let o = -40 + 45. Suppose 0*n = -3*a - 3*n + 453, -3*a = o*n - 463. List the prime factors of a.
2, 73
Suppose -2*o + 773 - 100 = 5*t, 0 = -t - 3. What are the prime factors of o?
2, 43
Let q = -114 - -538. List the prime factors of q.
2, 53
Let h = 467 + -134. What are the prime factors of h?
3, 37
Let p(n) = -86 + 2*n**2 - 79 + 150 + 6*n. List the prime factors of p(-10).
5
Let w(d) = 7*d + 15. Let i be w(-3). What are the prime factors of ((-10)/(-6))/(-5) - 446/i?
2, 37
Let j(r) = r - 1. Let h be j(13). Let u be 2 + 1*(1 + -6). What are the prime factors of (-8)/h + (-74)/u?
2, 3
Let m(a) be the second derivative of 5*a**4/12 + 2*a**3/3 - 13*a**2 + 27*a. List the prime factors of m(-7).
191
Suppose -4*q = -0*q, 0 = d - 4*q - 757. List the prime factors of d.
757
Let l = 78 - 141. Let h = 110 + l. Let b = h + -5. List the prime factors of b.
2, 3, 7
Let t(g) = -g**2 + 16*g - 43. Let y be t(13). Let v(s) = -22*s + 24. List the prime factors of v(y).
2, 7
What are the prime factors of -12 - -11 - (1 + -1100)?
2, 3, 61
Let s = 3 + 1. Suppose -3*h + 9 = -0*f - f, 2 = -5*h - s*f. Suppose h*y + a = 20, -3*y - 5*a = -a - 25. What are the prime factors of y?
11
Let p(g) = 11*g - 34. Suppose -46 = 4*a - 6*a. List the prime factors of p(a).
3, 73
Suppose -9*q = -11*q + 1312. List the prime factors of q.
2, 41
Let x(r) = -r + 8. Let b be x(6). Suppose 6 = 2*j + b. Let f(q) = 3*q**3 + 2*q**2 - 3*q + 2. List the prime factors of f(j).
2, 7
Let m(y) be the second derivative of y**5/20 - y**3/6 + 19*y**2/2 + y. Let v(j) = -j**2 - 10*j - 21. Let b be v(-7). What are the prime factors of m(b)?
19
Suppose -3*q - 3*b + 12261 = 0, 357 = 2*q - 4*b - 7823. What are the prime factors of q?
2, 7, 73
Let t = 7033 - 3469. What are the prime factors of t?
2, 3, 11
Let p(n) = n**3 - 11*n**2 + 23*n - 22. What are the prime factors of p(10)?
2, 3
Suppose 31*r = 30*r. Let l(k) = k + 1. Let a be l(r). List the prime factors of 4 - (-2 + a + -2).
7
Suppose -3*n - 5*c + 1144 = 0, -5*c = -4*c + 1. List the prime factors of n.
383
Let y(x) = -x + 12. Let d be y(8). Let a(m) = m + 6. What are the prime factors of a(d)?
2, 5
Let l = 52 + -3. Suppose -r = -3*r + j + 98, r = 2*j + l. List the prime factors of r.
7
Let h be (-936)/6*(7/(-3) + 1). Suppose 4*o = -0*o + h. What are the prime factors of o?
2, 13
Suppose -5*b + 2*z = 25, -3*b - z = -5*b - 11. What are the prime factors of (92/b)/((-18)/27)?
2, 23
Let i(v) = -243*v - 245. What are the prime factors of i(-6)?
1213
Suppose 9*r + 3951 = 2*d + 6*r, 4*d = 4*r + 7896. What are the prime factors of d?
3, 73
Let g = 34 - 23. Let a = 18 + g. Let i = a - -41. List the prime factors of i.
2, 5, 7
Let t = 1404 + -737. What are the prime factors of t?
23, 29
Suppose -2*j = -m + 4132, 198*m = 194*m + 2*j + 16540. List the prime factors of m.
2, 11, 47
Let h(c) = 13*c**2 - 2*c + 1. Let g(p) = p + 140. Let t be g(0). Let m be (-8)/t*-5*-7. What are the prime factors of h(m)?
3, 19
Suppose -6*h + 4 = -4*h. Suppose 0 = -h*s + s + 6. Suppose -3*x - 4*l = -11, 5*x = -2*l - s + 29. List the prime factors of x.
5
Suppose 0 = 23*f - 26*f + 48. Suppose -2*l - 2*x - 2*x = -f, -2*l - x + 7 = 0. List the prime factors of l.
2
Let q = -319 - -163. Let w = 506 + q. What are the prime factors of w?
2, 5, 7
Suppose 0 = -5*v + 2*o + 15, -61 = -5*v - 4*o - 16. Let q(m) = 61*m - 1. What are the prime factors of q(v)?
2, 19
Let t = 37 + -29. Let h(d) = d - 1. List the prime factors of h(t).
7
Let k(g) = 2*g - 18. Let d be k(9). Suppose d = -10*l + 8*l + 178. List the prime factors of l.
89
Let y(s) = s**3 - 7*s**2 - 5*s - 3. Let f be y(8). Let d = 21 - f. Let w(t) = -t**3 - t**2 - t + 54. List the prime factors of w(d).
2, 3
Let d(b) = 18*b**2 - 16*b - 3. What are the prime factors of d(4)?
13, 17
Let v be (1/3)/(1/(-15)). Let g = v + 25. Let m = 38 - g. What are the prime factors of m?
2, 3
Let u be (0/(-3))/(-1) - -2. Let y be u/((3 - -1) + -3). List the prime factors of y - -9 - (-1 - -2).
2, 5
Suppose -4*i + 512 = -3984. List the prime factors of i.
2, 281
Let g = -795 + 1327. List the prime factors of g.
2, 7, 19
Let q = -221 + 339. List the prime factors of q.
2, 59
List the prime factors of (-1)/11 + (-2486400)/(-2464).
1009
Suppose -7*q = -8*q - k + 1030, -4*q = -k - 4130. What are the prime factors of q?
2, 3, 43
Suppose 84 = -l + 693. List the prime factors of l.
3, 7, 29
Let n(w) = w**3 + 29*w**2 + 23*w + 48. List the prime factors of n(-20).
2, 797
Let r = 804 - -100. What are the prime factors of r?
2, 113
Suppose -t + 0*q = 3*q - 5, 2*t + 5*q - 7 = 0. Let v be (-40)/t*(-8)/5. List the prime factors of 4/(v/(-124)) + -3.
2, 7
Suppose 2*y - 118 = 4*v - 4, 5*v + 141 = 4*y. Let z = -19 - v. What are the prime factors of z?
2, 5
Suppose 0 = -23*a + 17*a - 2360